e the greatest common divisor of p and 39.
13
Suppose -3*y + 8*y = 5*t + 255, 2*y + 5*t = 102. Suppose -3*b + y = -6. Suppose 0*n + b = n. What is the highest common divisor of n and 152?
19
Suppose 3*d + 4 = 31. Calculate the highest common factor of d and 711.
9
Let m be 5 - -181 - -6 - 0. What is the greatest common divisor of 8 and m?
8
Let h(o) = o**2 - 26. Let d be h(-6). Suppose -d = 8*m - 58. What is the greatest common divisor of 24 and m?
6
Let o = 1 + 1. Suppose 2*x + l - 11 = 0, -x - 4*l - o = 3. Calculate the greatest common factor of 14 and x.
7
Let a be (2 - (-10)/(-3))*3. Suppose -3*g - 19 = 5*h, 49 = -5*g - 3*h + 12. Let d be ((g - a) + 1)*-10. Calculate the highest common factor of d and 30.
30
Suppose 0 = 5*t - 2*r - 772, -3*r = 5*t - 6*t + 144. Suppose 3*w = -s + t, 0 = -s + 5*w - 97 + 277. What is the highest common divisor of 33 and s?
33
Let l be (72/(-16) - 2)/(3/(-6)). Let r(q) be the first derivative of 2*q**2 - 19*q + 2. Let w be r(l). Calculate the greatest common factor of w and 231.
33
Let u be (-301)/(-13) + (-260)/1690. What is the highest common divisor of 3749 and u?
23
Let j be ((-30)/10)/(204/(-195) - -1). Let q = -21 + j. Calculate the highest common factor of q and 33.
11
Let c be (-4 - 50/(-15)) + 14/3. Suppose 2*x = -c*u - x + 65, -5*x - 90 = -5*u. What is the highest common divisor of u and 102?
17
Let c(i) = -i**3 + 6*i**2 + 8*i - 2. Let y be c(7). Suppose -6*n + y*n = -2. Calculate the greatest common divisor of n and 3.
1
Let w(h) = 2*h**2 - 9*h - 6. Let g be w(8). Let x = -5520 - -5530. What is the highest common factor of x and g?
10
Suppose 4*a - 8 = 12. Suppose c - 38 = a. Let i = 23 + c. Calculate the highest common divisor of 44 and i.
22
Let r be (-2)/(-9) + 608/18. Suppose -65 = -2*x - m, 0*x = x + 3*m - 45. Suppose -u + 21 = -x. Calculate the greatest common divisor of u and r.
17
Suppose 0 = -6*j - 6*j - 144. Let k be 90/j - -7 - (-81)/2. What is the greatest common divisor of k and 200?
40
Let s = 276 - 161. Suppose 0 = 9*f + 34 - s. Let d = 158 - 95. Calculate the highest common divisor of f and d.
9
Let c(l) be the first derivative of 4 + 3*l + 1/4*l**4 - 1/2*l**2 + 5/3*l**3. Let r be c(-5). Calculate the highest common divisor of 12 and r.
4
Let i(p) = p**2 + 2*p + 4. Let a be i(-2). Let g = 26 - a. What is the greatest common factor of 55 and g?
11
Let l be 10/(-15) + 4/(-3). Let o be l - (4/2 + (-1 - 123)). What is the greatest common factor of 10 and o?
10
Let n be (69 + -14)*(-48)/(-10). Let u be (12/(-10))/3*-60. What is the highest common divisor of u and n?
24
Suppose 4*m + 232 = 4*x, -2*x + x + 4*m = -58. Let z = 61 - x. Let j be 2/((-58)/(-54) - 1). What is the greatest common factor of j and z?
3
Suppose -u + 38 = 5*h, -5 = 5*h - 4*h - 4*u. Let t be 12/(-18) - (-20)/(-6). Let v be 50/t*(-308)/55. What is the greatest common divisor of v and h?
7
Let s(d) = 6*d**2 - 6*d + 1. Let b(h) = -8 + 8 - h. Let w(o) = -10*b(o) + 2*s(o). Let v be w(2). What is the highest common divisor of 115 and v?
23
Let q be (1 + (-1)/(-1))/(-2). Let t be 186/36 + q/6. Suppose -m - t = -17. Calculate the greatest common factor of 30 and m.
6
Suppose 3192 = 14*w + 1176. What is the greatest common factor of w and 468?
36
Let i(n) = -n**3 + 22*n**2 - 15*n - 161. Let u be i(20). What is the highest common divisor of 113 and u?
113
Suppose 12*z = 17*z - 100. Let m(x) = x**3 + x + 140. Let j(u) = -u + 2. Let i be j(2). Let f be m(i). Calculate the highest common factor of z and f.
20
Let b(u) = 3*u**2 + 17*u - 112. Let v be b(7). Calculate the greatest common factor of 98 and v.
14
Let y(p) = -p**2 + 5. Let t be y(0). Suppose 18 - 63 = -t*a. Suppose -5*l + 0 = 2*h - 17, -3*h + 3*l - 6 = 0. Calculate the greatest common factor of a and h.
1
Let q = 378 + -186. Suppose 6*y = 206 - 62. What is the highest common factor of y and q?
24
Suppose -2*p - p + 15 = 0. Let f = 87 + -47. Suppose -p*z + 5 = -f. What is the highest common divisor of z and 63?
9
Let n = 1892 + -1117. Calculate the greatest common divisor of n and 31.
31
Suppose 5*v + 26 = 4*t, -4*t - 5*v - 3 + 9 = 0. Suppose -4*n = -20, -2*y + n = -5 - 0. Let g = 7 + y. What is the greatest common factor of g and t?
4
Let y = -15 - -19. Suppose 0 = y*l - 8, -2*l + 88 = -n + 5*n. Let r = 12 - 5. What is the highest common divisor of r and n?
7
Let x = -3 - -1. Let u = -2 - x. Let o be 3 + 0 - (0 - u). Calculate the highest common divisor of 24 and o.
3
Let a = -18 + 12. Let d = 3 + a. Let w be (3 + d - -1)*1. What is the greatest common divisor of w and 5?
1
Suppose f - 131 = 5*p + 2, 439 = 3*f - 5*p. What is the highest common divisor of f and 36?
9
Let s(x) be the third derivative of -x**4/24 - 5*x**3/6 - 4*x**2. Let i be s(-8). Let a = -31 + 46. What is the highest common divisor of i and a?
3
Let u be ((-1188)/(-126))/((-66)/(-63) + -1). Let l be 2*34/12*3. Let s = 1 + l. What is the highest common factor of u and s?
18
Let d(a) = 4*a + 118. Let f be d(-18). Calculate the highest common divisor of 1058 and f.
46
Let i be (1 - -5)/(-3) + 2. Suppose 2*x - 12 = -i*x. Suppose -j = 3*o + 3*j - 7, 3*o = -j + 22. What is the highest common divisor of x and o?
3
Suppose -13*m + 9 = -4*m. Let y(d) = -d - 7. Let c be y(5). Let o = m - c. What is the highest common divisor of o and 13?
13
Let j(h) = 6*h**2 + h + 3. Let g be j(-3). Let n be 54 - (15/45)/((-2)/(-12)). Suppose n*q - 55*q = -54. What is the highest common divisor of q and g?
18
Suppose -5*l = -89 + 9. Calculate the highest common divisor of l and 40.
8
Let b(t) = -t**3 + 8*t**2 - 6*t + 13. Suppose -46 = -6*n - 4. Let w be b(n). What is the highest common divisor of 140 and w?
20
Let z = -20 + 80. Let g(y) = -y**2 + 16*y - 61. Let i be g(8). Suppose 0 = i*r - 5 - 31. What is the highest common factor of z and r?
12
Let p be (8/12 + 1)*3. Let m be p/2*(-748)/(-55). Let b be (-4*1)/4 + m. Calculate the highest common divisor of b and 3.
3
Suppose k + 5*s = 515, 2*s + s + 978 = 2*k. Let d = k - 245. Calculate the highest common divisor of d and 50.
50
Let c be -1 - 3 - (11/1 - 393). What is the highest common factor of 42 and c?
42
Let q be (-2 + -2 + -10)*1. Let n be (q/6)/((-2)/(-204)). Let d be 4/(-18) + n/(-18). Calculate the greatest common factor of d and 117.
13
Suppose 0 = -4*z - d + 671, 2*d - 425 - 245 = -4*z. Calculate the greatest common factor of 588 and z.
84
Let w(p) = p**3 + 12*p**2 - 3*p - 1. Let q be w(-3). Calculate the highest common factor of q and 1691.
89
Let p be -21 + 240 - ((-8)/(-2))/2. What is the greatest common divisor of 93 and p?
31
Suppose 2*y - y + 13 = 0. Let p = -6 - y. Let u = p - -6. Calculate the greatest common factor of 91 and u.
13
Suppose -4*i = 5*q - 39, 2*q + q + 2*i = 23. Suppose 0 = -u + q*u - 72. Calculate the greatest common factor of 3 and u.
3
Let c = -2920 - -2931. Let l(f) = -f**3 - f**2 + 2*f - 1. Let h be l(-3). What is the greatest common factor of h and c?
11
Let y(t) = t**3 + 2*t**2 - t. Let k be y(0). Suppose -21*d + 22*d - 38 = k. What is the highest common divisor of d and 95?
19
Let s(k) = -32*k - 9. Let v be s(-1). Calculate the greatest common factor of 1 and v.
1
Let x(o) = 35*o - 31. Let w(v) = -7*v + 6. Let d(y) = -33*w(y) - 6*x(y). Let l be d(7). What is the highest common factor of l and 54?
27
Suppose 0 = -2*z + q + 210, 3 - 429 = -4*z + 5*q. Let y(s) = -3*s**3 - 4*s**2 - 2*s + 1. Let v be y(-2). Calculate the highest common factor of v and z.
13
Let w be (8/12)/((-2)/(-93)). Let h(n) = 4*n**2 + 20*n + 31. Let p be h(-5). What is the greatest common factor of p and w?
31
Suppose 4*i = -3*q + 52, i - 13 = -3*q + 36. Calculate the greatest common divisor of 6 and q.
2
Let p = -89 + 103. What is the greatest common factor of p and 42?
14
Let l = 1591 - 1453. Calculate the highest common factor of 1173 and l.
69
Let j be -3*4/(-24)*4. Suppose -2*t = 4, -2*p + t = -j*t - 16. Calculate the greatest common factor of 10 and p.
5
Let r(j) = -13*j + 1. Let u be r(-1). Let o(s) = 12*s + 102. Let i be o(-5). Calculate the greatest common factor of u and i.
14
Let y = -71 + 118. Let o be 2*(-15)/20 - y/(-2). What is the highest common divisor of 2 and o?
2
Let f be 3 - (-7)/(7/96). Suppose -143 = 7*x - 206. What is the highest common divisor o